uppose -a = -5*d + 93. What is the units digit of d?
0
What is the tens digit of 0 + (-2060)/40*(-4)/2?
0
Suppose 0 = -2*r + 3*w + 2*w + 28, -4*r + 2*w = -88. What is the units digit of r?
4
Let u(a) = 81*a**2 - 2*a + 1. What is the hundreds digit of u(-2)?
3
Let v be (-4)/6 + 28/6. Let r = v + 27. What is the units digit of r?
1
Suppose -66 = -2*t + 6. What is the units digit of t?
6
Suppose 0 = 4*k + 14 - 130. What is the tens digit of (3 - 6 - -4) + k?
3
Let s = 8 - -5. What is the tens digit of s?
1
What is the tens digit of 6 + 5 - 1*-1?
1
Let y = 16 + -26. What is the units digit of (y/(-4))/((-1)/(-2))?
5
Suppose 4*v + 1 = -7. What is the units digit of v/(-2)*2 - 1?
1
Let n(a) = a**2 - 3*a - 1. What is the units digit of n(5)?
9
Let a(u) = -u**3 - 3*u**2 + 2*u + 3. What is the tens digit of a(-6)?
9
Suppose -3*y + d + 211 = 0, -2*y - 7*d + 164 = -3*d. Suppose 2*s - y = -4*s. What is the tens digit of s?
1
Suppose 2*x - 5 - 15 = 0. What is the units digit of x?
0
Suppose -4*p - y + 15 = 0, 4*p = 3*y - 2 + 5. Suppose -2*n + 8 = b, -n = -b + p*n - 10. What is the units digit of b?
2
Let v = -7 - -12. Suppose -3*s + 17 = -5*b, -2*s + v*b - 3 = -4*s. What is the units digit of s?
4
Let d(q) = 4*q**2 + 5*q + 1. What is the units digit of d(4)?
5
Let s be 2 - (4 - 3)/1. Let r be s*74/(2 - 0). Suppose 0 = 3*l - 26 - r. What is the units digit of l?
1
Let l = -34 - -68. Let c = l - 23. What is the tens digit of c?
1
Let s be (-11)/(-2) + (-3)/(-6). Suppose 4 = -7*a + 3*a. Let u = s - a. What is the units digit of u?
7
Suppose -3*s + 6*s + k - 6 = 0, 12 = 3*s + 3*k. Let y be 27*s - (-4 - -2). Suppose -y = -5*n + 3*d, -d = 3*n - 3*d - 17. What is the units digit of n?
7
Suppose 0*g = -5*j - g - 19, 2*j + 5*g + 26 = 0. Let k be (-2)/((-75)/(-27) + j). Let x = -2 + k. What is the units digit of x?
7
Suppose 0 = 2*v - 0*v - 8. Suppose 0 = -a - v*a - 35. Let f(b) = -2*b - 9. What is the units digit of f(a)?
5
Let k be (-2)/5 - (-861)/(-35). Let a = k - -46. Let x = -13 + a. What is the units digit of x?
8
What is the hundreds digit of 6/4*2 - (-8 - 134)?
1
Let f(v) = v**2 + 6*v - 6. Let a be f(6). Suppose -w = -h + 20, 4*h + 6*w - a = 3*w. What is the units digit of h?
8
Let b(l) = l**3 + 7*l**2 + 5*l - 4. Let h be b(-6). Let w(k) = -k**2 + k + 5 - h + 0 + 2*k**2. What is the units digit of w(-3)?
9
What is the units digit of -9 - 18/(-3) - (-312)/1?
9
Let m(f) = -f**2 - 8*f - 4. What is the tens digit of m(-4)?
1
Let d be 3/(-6) - (-9)/(-2). Let n be d - (-5)/(10/4). Let x(p) = 2*p**2 + 4*p + 1. What is the units digit of x(n)?
7
Suppose 1452 = -2*h + 13*h. What is the units digit of h?
2
Let j(p) = p**2 - 2*p - 4. Let o be j(3). Let q be o/((-3)/(-48)*-2). Suppose q = 4*m - 8. What is the units digit of m?
4
Let y = -41 + 69. Let k = -18 + y. What is the tens digit of k?
1
Suppose -7*h + 721 = -0*h. What is the hundreds digit of h?
1
Let s = -27 + 18. Let v(t) = t**3 + 10*t**2 + 8*t. Let p be v(s). What is the tens digit of 1 + 5/(5/p)?
1
Let s(d) = 3 + d + 1 + 1 - 1. Let n be s(8). Suppose q + n = 5*q. What is the units digit of q?
3
Suppose 0 - 12 = -3*x. Suppose 9*o = x*o. Suppose o*u = -3*n - 5*u + 2, -22 = -3*n + 5*u. What is the units digit of n?
4
Let j(y) be the third derivative of -y**6/120 - y**5/60 + 5*y**4/24 + 2*y**3/3 + y**2. Let l be j(-3). Let x = 4 + l. What is the tens digit of x?
1
Let n(s) = s + 35. What is the tens digit of n(16)?
5
Let l be (-40 + (-2 - -6))*-1. Suppose l + 45 = 3*x + 3*p, -5*x + 3*p + 119 = 0. What is the units digit of x?
5
Let z(a) = 3*a. Let r be z(1). Suppose 3*v + 2*g = 5, -r*g = -v + 2 - 4. Suppose -i + v + 4 = 0. What is the units digit of i?
5
Let u(d) = -20*d**3 + 16*d**2 - 14*d - 15. Let r(g) = 7*g**3 - 5*g**2 + 5*g + 5. Let j(p) = 17*r(p) + 6*u(p). What is the units digit of j(11)?
6
Let c(g) = -4*g - 1. Let u = -4 - -1. What is the tens digit of c(u)?
1
Suppose 2*r = -3*r + 45. Let v = 16 - r. Let o = v - 0. What is the units digit of o?
7
Let g(q) be the first derivative of q**2/2 - 6*q - 2. Let n be g(5). What is the units digit of 13 + -2 + 1 + n?
1
Let a(h) = 14*h. What is the tens digit of a(13)?
8
Let s(g) be the third derivative of 0*g + 3*g**2 + 0 - 1/6*g**3 - 1/3*g**4. What is the tens digit of s(-2)?
1
Let m = -1 + 3. Suppose 0 = d - m*x + x - 13, 0 = 2*d + 4*x - 14. Suppose -3*o = i - 2*o - 7, i = -2*o + d. What is the units digit of i?
3
Let c(k) = -k**2 - 2*k + 1. Let m be c(-2). Let y = m + 11. What is the tens digit of y?
1
Let s be (-9 + -1)/(5 + -6). Suppose -5*h = -s - 35. What is the units digit of h?
9
Let y(o) = o**2 - 4*o - 7. Let q be y(5). Let s = 6 + q. Suppose -s*b - 2*u + 12 + 8 = 0, u = -2. What is the units digit of b?
6
Let u(v) be the third derivative of -v**9/3024 - v**6/720 + v**5/30 + 4*v**2. Let c(p) be the third derivative of u(p). What is the units digit of c(-1)?
9
Suppose -40 - 41 = -q - 3*g, -5*g = -15. Suppose b - q = -2*b. Let t = b - 16. What is the units digit of t?
8
Suppose -50 = -0*w - w - 2*k, -3*w - k = -135. What is the units digit of w?
4
Suppose 2*b = -3*b + 4*a + 40, -3*a - 11 = b. What is the units digit of b/(-12) - 7/(-3)?
2
What is the units digit of (-5 - 24/(-3)) + (-1)/1?
2
Let y = 20 + -13. Suppose 2*c = y*c + 45. What is the units digit of c/2*(-6)/3?
9
Suppose 5*g = -2*c - 3*c - 90, 3*g + 2*c = -53. Let a = -3 - g. What is the units digit of a?
4
Let c = -16 + 33. Suppose -34 = 2*m - g, -m - 6 = -2*g + c. Let i = 25 + m. What is the tens digit of i?
1
Suppose -322 - 2 = -6*f. What is the tens digit of f?
5
Let n(a) = 143*a**2 - 4*a + 2. What is the units digit of n(1)?
1
Suppose -4*l - 2*h = 3*h - 12, l - 3 = -2*h. Suppose -l*o - o + 24 = 0. What is the tens digit of (2/o)/((-2)/(-78))?
1
Let h(p) = -p - 3. Let v be h(-6). Suppose v*i + 16 + 3 = 5*c, -c = 3*i - 11. What is the units digit of c?
5
What is the tens digit of (-753)/(-9) - 6/9?
8
What is the units digit of (-2)/(-7) - (-96)/7?
4
Let o(c) be the second derivative of c**7/1260 - c**6/120 + c**5/60 + c**4/4 - 3*c. Let w(r) be the third derivative of o(r). What is the units digit of w(4)?
0
Suppose 2*n + 2*n + 6 = 2*q, 5*n - 5*q + 5 = 0. What is the units digit of 9 - n/(-1 - 1)?
8
Suppose 2*p + 0 + 2 = 0. Let h(z) be the first derivative of -8*z**2 + z + 6. What is the tens digit of h(p)?
1
Let m(h) be the third derivative of h**4/24 + 7*h**3/6 - h**2. Let a be m(0). Let w = -4 + a. What is the units digit of w?
3
Suppose -4*g = 2*q + 40 - 0, -q = 4*g + 40. Let b = g - -42. What is the units digit of b?
2
Let w(x) be the second derivative of -x**3 - x**2/2 - 4*x. What is the units digit of w(-2)?
1
Let y(m) = m**2 + 7*m - 6. Let z(k) = -1. Let f(j) = -y(j) - 3*z(j). What is the units digit of f(-7)?
9
Let l(z) = 5*z + 12. Let w be 12/(5 - (2 - -1)). What is the tens digit of l(w)?
4
Let o(b) be the second derivative of 5*b**4/4 - 4*b. What is the tens digit of o(1)?
1
Suppose 3*w - 259 = -4*u, -3*u + 5*u + w = 131. What is the tens digit of u?
6
Suppose v - 4 = -1. What is the units digit of (9/(-6))/(v/(-4))?
2
Suppose -2*k + 8 = 0, 3*g = -0*g - k - 26. What is the units digit of 10/g - 4/(-2)?
1
Suppose -4*m + 3*w = 0, 4*m - 4*w = -m - 1. Suppose 0 - m = -3*o. What is the units digit of o?
1
Let j(w) be the third derivative of -w**7/2520 - w**6/120 - w**5/30 + w**2. Let s(p) be the third derivative of j(p). What is the units digit of s(-4)?
2
What is the units digit of (-16)/(-28) + (-2756)/(-28)?
9
Let f be 2/(-2 + 72/34). Suppose 0 + 1 = -3*i + m, -5*m + f = -3*i. What is the units digit of i?
1
Suppose 3*r + 65 = 4*r. What is the tens digit of r?
6
Suppose -5*r + 264 = a + 2*a, -5*a = 3*r - 456. Suppose -5*l = -42 - a. What is the tens digit of l?
2
Let n = -13 + 20. Suppose -4*q + r = -2*r + n, 2*q = -5*r + 29. What is the units digit of q?
2
Let r be -3*(-24)/9 - 3. Suppose -r*z + 9 = -o, 0 = 3*z + 4*o - 6 - 4. Suppose -z = -5*f + 3*f. What is the units digit of f?
1
Let k(n) = -76*n**3 + 2*n**2 - 2. What is the tens digit of k(-1)?
7
Let t = -75 + 173. Suppose -5*u + 5*s + 85 = 0, 2*s - t = -5*u + u. What is the tens digit of u?
2
Suppose -13 = 2*f + 5. Let p = -5 - f. Suppose 71 = p*g - 5*u + 14, -3*g = 3*u - 9. What is the units digit of g?
8
Let p(l) = -l**3 +